1
Let u(d) = -d - 1. Let x be ((1 - 2) + -168)/(-1). Let j = x - 164. Calculate the remainder when j is divided by u(-5).
1
Suppose -5*l + 8353 = 2*d - 1542, -3*l - 5*d + 5956 = 0. Calculate the remainder when l is divided by 180.
177
Let i = -3264 - -5970. What is the remainder when i is divided by 63?
60
Let m = 5331 - 5288. Calculate the remainder when 128 is divided by m.
42
Suppose -3*h - 2*h - 5*l = -70, 3*l + 15 = 0. Let g(n) = -n**2 + 37*n - 118. Calculate the remainder when g(h) is divided by 57.
53
Let c(y) = 15*y**2 + 34*y + 118. Calculate the remainder when c(-7) is divided by 69.
63
Let w(r) = 34*r - 1. Let i(s) = 45*s**2 - 2068*s - 57. Calculate the remainder when i(46) is divided by w(1).
2
Let w = -567 + 576. Calculate the remainder when 423 is divided by w.
0
Suppose 15*k + 7*k - 14528 + 4650 = 0. Calculate the remainder when k is divided by 150.
149
Suppose 525*k - 5*g + 687 = 526*k, -3*k + 5*g + 1921 = 0. What is the remainder when k is divided by 156?
28
Let l(u) = u**2 - 13*u - 46. Let r be l(16). Suppose r*g - 7*g - 7 = 3*c, g + 3 = c. Calculate the remainder when 4 is divided by c.
0
Let n(j) = -30*j + 54. What is the remainder when n(-10) is divided by 9?
3
Suppose -5*q + 40 = 0, -3*q - 1 = x - 165. Calculate the remainder when 1076 is divided by x.
96
Suppose 0 = 11*v - 12*v + 21. Let n = -37 + v. Calculate the remainder when 10 is divided by ((-28)/6)/(n/6 - -2).
3
Suppose 3*n - 4*h - 11 = 0, 2*h = -0*n + 2*n - 10. Suppose 36*z - 33*z - n = 0. What is the remainder when 27 is divided by (-5 + z)/((-1)/2)?
3
Suppose 4*y + 2 = 3*q - 14, 2 = q + 2*y. Suppose 0 = -3*v - q*l + 26 + 953, -4*v + 5*l + 1264 = 0. Calculate the remainder when v is divided by 54.
51
Let i = 10 + 17. Let x(v) = -v**3 + 61*v**2 + 2*v + 305. Calculate the remainder when x(61) is divided by i.
22
Let h = 1 + 3. Suppose -7*j = -17*j - 11*j. Suppose j = 4*c - 4*g - h, -5*c - g + 9 = -4*g. Calculate the remainder when 11 is divided by c.
2
Let z(a) = 3*a + 6. Let h be z(0). Suppose 16 = h*m - 170. What is the remainder when m is divided by 2/9 - 604/(-36)?
14
Let x(j) = 15*j**2 - 6*j + 12. Let w be x(2). Suppose w*m = 66*m - 90. Calculate the remainder when 27 is divided by m.
12
Let o be 3/(6/(-4)) + (-3)/1. Let a be 128 + -1 - (35/o + 6). Let z = a + -122. Calculate the remainder when z is divided by 2.
0
Let u(b) = -121*b + 30. Let s be u(1). Let m = -78 - s. Suppose h = 4*v - 206, 5*h = -2*v + 95 - 3. Calculate the remainder when v is divided by m.
12
Let p(u) = u**3 - 2*u**2 - 2*u + 8. Let l be p(4). Let v = l - 12. Suppose 5*c = 3*h - v, -5*c - 35 = -3*h - h. Calculate the remainder when 58 is divided by h.
13
Let m(r) = r**3 - 46*r**2 + 308*r + 22. Calculate the remainder when m(38) is divided by 23.
13
Suppose -5*u - 2*n + 10 = -u, 4*n = -2*u - 10. Let w(f) = 7*f**2 - 6*f - 4. Suppose 264 = -707*g + 718*g. What is the remainder when w(u) is divided by g?
21
Let q(y) = -5*y**2 + 32*y - 3. Let b be q(7). Let v(k) = k + 66. Calculate the remainder when v(b) is divided by 15.
12
Let h = 1148 - 1131. What is the remainder when 576 is divided by h?
15
Let r = -10 - -70. Let v be (-168)/(-44) - 2/(-11). What is the remainder when r is divided by (v/((-24)/(-9)))/(3/42)?
18
Suppose 0 = 5*y - 4*c - 0*c - 406, 3*y - 248 = -2*c. Let n = 168 - 133. Calculate the remainder when y is divided by n.
12
Suppose p + 17 = -2*h + 75, -p - h + 63 = 0. Calculate the remainder when 267 is divided by p.
63
Let b = -15 - -15. Suppose -5*v = -2*s - 90, 5*s - 2*s + 15 = b. Calculate the remainder when v is divided by (-3)/(-2*(-1)/(-6)).
7
Suppose 52*q = 57*q - 15. Suppose -c = -2*c + q. Suppose c*g + 2*g - 290 = 0. What is the remainder when g is divided by 16?
10
Suppose 0 = 115*h - 108*h - 280. Suppose 0 = 5*n - 4*l - 65, 4*n - 3*l = -n + 65. Calculate the remainder when h is divided by n.
1
Let m = 29 + -27. Suppose m + 7 = 3*l. Suppose 29 = l*a - 31. Calculate the remainder when a is divided by 8.
4
Let g(d) = d**3 - 11*d**2 + 18*d + 18. Let b be g(9). Calculate the remainder when -634*3/b*-3 is divided by 29.
27
Calculate the remainder when (-2)/(-2) + 74*2 is divided by -21*((-576)/(-960) + (-44)/15).
2
Let g = 15373 + -13151. Calculate the remainder when g is divided by 555.
2
Suppose 0 = l - 471 + 29. Let f = -423 + l. Calculate the remainder when 61 is divided by f.
4
Let j(o) = -4953*o - 59356. Let t = 106 - 48. What is the remainder when j(-12) is divided by t?
22
Let o = -317 + 673. Let c = -239 + o. What is the remainder when c is divided by 15?
12
Let q(v) = 47*v + 44. Let r(k) = -52*k - 45. Let t(i) = -5*q(i) - 4*r(i). What is the remainder when t(-5) is divided by 45?
5
Let w(a) = 76*a. Let h be w(1). Suppose -3*b + h = b. Calculate the remainder when (1914 - 2173)*(-2)/14 is divided by b.
18
Let l(q) = -q**2 + 4. Let k be l(0). Suppose 0 = -8*j + k*j + 348. What is the remainder when j is divided by (-9)/(2/((-1)/(15/100)))?
27
Let v = -428 + 505. What is the remainder when 216 is divided by v?
62
Suppose -3*i = f - 4*i, -2*i - 6 = -5*f. Let h be 4 - (((-1)/(-1) - -3) + f). What is the remainder when (-1 - 10/(-4)) + (-211)/h is divided by 27?
26
Let r = -111 + 121. Calculate the remainder when 7 + (-30)/3 - -15 is divided by r.
2
Let m(l) = -l**2 + 48*l - 41. Let s(n) = 2*n**2 + 5*n + 3. Let v be s(-3). What is the remainder when m(47) is divided by 7 - 3/(9/v)?
1
Let u be (440/(-24) + -1)*9. Let k = 271 + u. Calculate the remainder when 189 is divided by k.
92
Let z = 4459 + -4436. What is the remainder when 43 is divided by z?
20
Suppose -16*d + 13*d - 5*p = -2337, -d = -2*p - 779. Calculate the remainder when d is divided by 79.
68
Suppose -188 = -4*j + k, -4*j - j - 5*k + 235 = 0. Calculate the remainder when j is divided by -3 + 12 + (-2)/2.
7
Let i(l) = -122*l + 3819. What is the remainder when 2624 is divided by i(31)?
34
Suppose 41*y + l - 153 = 36*y, 2*l - 6 = 0. Calculate the remainder when 2788 is divided by y.
28
Calculate the remainder when 200 is divided by 1/(8/40*35/728).
96
Let x = -243 + 247. Let j(w) = -w**2 - 21*w + 22. Let q be j(-22). Suppose 3*c - 49 + 13 = q. Calculate the remainder when c is divided by x.
0
Let b(p) = -115*p**3 + p. Suppose -4*i = y - 34, 2*i - 164 = -5*y - 156. Calculate the remainder when b(-1) is divided by i.
6
Suppose 3*q - q = 4*u - 106, 5*u - 3*q - 134 = 0. What is the remainder when 564 is divided by u?
14
Suppose -2645 = 8*o - 12501. Suppose l = -m + 308, -4*m + 0*l - 3*l + o = 0. Calculate the remainder when m is divided by 24.
20
Suppose 2*d = -3*d + 25. Let v = 48 + -94. Let c = 75 + v. Calculate the remainder when c is divided by d.
4
Let d(z) = -z**2 + 12*z + 36. What is the remainder when 354 is divided by d(0)?
30
Suppose -3*o - 12 + 2 = 4*n, o - 4*n - 18 = 0. Suppose 4*p = 5*p + 3*z - 50, o*p = 2*z + 116. Calculate the remainder when 110 is divided by p.
54
Suppose 10*r + 2*u - 276 = -84, -2*r = -2*u - 48. Calculate the remainder when 20979 is divided by r.
19
Calculate the remainder when 22 is divided by -6*2/5*(-180)/72.
4
Let n(u) = -u**2 - 68*u + 1098. Calculate the remainder when n(-58) is divided by 12.
10
Let w = 4322 - 2269. What is the remainder when w is divided by 14?
9
Let p(z) = -2*z**3 + 64*z**2 + 9*z - 248. Calculate the remainder when 463 is divided by p(32).
23
Let g(j) = -5*j + 85. Let m be g(13). Suppose p + m = 57. What is the remainder when 65 is divided by p?
28
Let h(z) = 209*z - 327. What is the remainder when h(2) is divided by 21?
7
Calculate the remainder when (1664320/294)/32 - (6/(-63) - 0) is divided by 8 - -3*6/9.
7
Let u = -337 + 305. Let v(r) = 7*r + 269. What is the remainder when 179 is divided by v(u)?
44
Suppose -68*w - 258*w = 88*w - 30636. Let b = 447 - -69. Calculate the remainder when b is divided by w.
72
Suppose 4*i - 4657 = 5*k, 0 = -4*i + k + 2*k + 4647. What is the remainder when i is divided by 40?
38
Suppose 18 = m + 3*i + 4, -3*m - 3*i = -18. Let n = -82 + 85. Suppose -4*r + 6*r + m = 0, 4*r = -n*u + 35. Calculate the remainder when 49 is divided by u.
10
Suppose 1499*r = 1533*r - 173400. What is the remainder when r is divided by 846?
24
Let s = -135 - -152. What is the remainder when 67 is divided by s?
16
Let d = 51 + 39. Suppose b = 4*b 